 -14. Let i be 1332/10 + (-2)/10. Suppose -q - 3*p + 46 = 0, q + 3*q - i = h*p. Is q composite?
False
Let q = -576 + 827. Is q prime?
True
Suppose -13517 = 7*f - 93254. Is f a composite number?
True
Suppose 4*b = t + 15 + 8, -2*t - 6 = 0. Suppose 3*c - 3*h = 1047, -b*c + 2*h + 354 = -1403. Is c a prime number?
True
Let m = 83242 - -89497. Let s = -245621 + m. Is (-2)/7 + s/(-42) composite?
True
Let k(q) = 12*q**2 - 15*q + 127. Is k(16) a composite number?
True
Suppose -6*d = 6*d + 108. Suppose 2*w - 3*i + 5 = 6*w, 3*w + 2*i = 4. Is (-6510)/d + w/(-6) composite?
True
Suppose a - 61 = -4*w, -w + a + 0*a = -14. Let p = -18 + w. Is p/(3/557)*-1 a prime number?
True
Let c(v) = -v**2 - 5*v + 3. Let d be c(-6). Is (d/2*-1)/((-3)/(-3778)) a prime number?
True
Suppose 2*i + 8056 = 10*i. Suppose -178 = 3*n + y - 930, -4*n + 3*y + i = 0. Is n a prime number?
True
Suppose -135*y = -137*y + 1814. Is y a prime number?
True
Let s = 633 - 1181. Let c be 5 + -2 + (-2 - s). Let z = 188 + c. Is z a prime number?
False
Suppose 2*h - 92 - 66 = 0. Is (-1 + (4 - 2))*h prime?
True
Suppose 4*z - y = 23575, 6*z - 17664 = 3*z - 5*y. Is z a prime number?
False
Let u be 83/4 + 5/20. Suppose 2*x - 3*b - 106 = 0, 5*b = -1 + u. Is x prime?
True
Let a = 82212 - 56377. Is a prime?
False
Let r = -410 - 118. Let x = r + 1069. Is x a composite number?
False
Suppose -8 = -7*l + 5*l. Let p be (-757)/(-4) + l/(-16). Let b = -76 + p. Is b composite?
False
Suppose 9*r - 2080 = 4*r. Let z = -190 + r. Is z prime?
False
Let b(w) = 8*w**3 + 21*w**2 + 5*w + 1. Is b(7) composite?
True
Let i be (-5)/(-2)*24/10. Suppose q + 18 = 4*o, 3*o = -7*q + 4*q + i. Is (1 + 2)*109 + o a prime number?
True
Let z = 4695 - 1242. Is z a prime number?
False
Let q(j) = 2*j**3 - 36*j**2 + 34*j + 43. Is q(19) prime?
False
Suppose 0 = -23*g + 21147 + 91116. Is g prime?
False
Suppose -30584 = -4*z - 2*a + 2000, -5*z + 40737 = -a. Is z a composite number?
False
Is -2 - ((-3)/3 - (-5080)/(-1)) a prime number?
False
Suppose 0 = 4*t - 30 - 30. Let m(g) = -t*g - 1 - 14 - 1 + 2*g**2. Is m(17) a composite number?
False
Suppose 3*p + 2*z - z - 275 = 0, 3*p + 4*z = 272. Suppose 382 = 6*d - p. Is d a prime number?
True
Let p(z) = z**2 + 9*z - 3. Let m(k) = -k + 1. Let i(v) = 5*v - 2. Let n(r) = -i(r) - 3*m(r). Let s be n(-5). Is p(s) a composite number?
True
Let w(o) = 5251*o + 229. Is w(18) a prime number?
True
Let d = 1406 - 367. Is d prime?
True
Let g(j) = j**3 - 4*j**2 - 3*j - 10. Let o be g(5). Suppose -4*t + 2*d + 992 = o, t - d - 249 = -0*d. Is t a composite number?
True
Let o(k) = 10*k + 9. Let j(r) = r - 5. Let u be j(5). Suppose -2*p + u*p = -14. Is o(p) a composite number?
False
Let d = 7247 + -2713. Is d prime?
False
Let i = 131272 - 67283. Is i a composite number?
True
Let v(c) = -c**3 - 5*c**2 + 5*c - 4. Let m = -8 - 2. Is v(m) a prime number?
False
Let u(g) = g + 8. Let m be u(-6). Suppose -m*l - 16 + 180 = 0. Is l a composite number?
True
Suppose 3*r - 1673 = 5*s, 4*r - s + 3*s = 2274. Let c = 2393 + r. Suppose 2634 = 7*l - c. Is l composite?
True
Suppose -292 = -3*s + 440. Let c = s + 234. Is c a prime number?
False
Let m(s) = s**3 + 9*s**2 - 90*s - 15. Is m(23) a composite number?
False
Let y(a) = 18*a**2 - 8*a + 4. Let b be y(-8). Let f = -303 + b. Is f prime?
False
Let i = 15358 + -5493. Is i a composite number?
True
Let f = -3139 + -7291. Is f/(-28)*(-1 - -3) a composite number?
True
Suppose -4*r = 3*r - 4417. Is r prime?
True
Let d(q) = 346*q + 245. Is d(17) composite?
True
Suppose 7918 = -4*h - 3198. Let u = h - -4158. Is u a composite number?
True
Suppose 5*g = 9*g + 5*j - 159918, -j = -4*g + 159906. Is g a composite number?
True
Let u(d) = 16*d + 7. Let f = -2 - 0. Let v be f/4*(-144)/6. Is u(v) composite?
False
Let w be (-1)/2 + 1304/(-16). Let l = 484 + w. Suppose 2*r - 754 = -5*y + y, 2*y - l = 4*r. Is y prime?
True
Suppose -6*s + 44 = 8. Let a(g) = 146*g + 1. Is a(s) a composite number?
False
Let i(d) be the second derivative of 8*d**7/105 - d**6/240 + d**5/60 + d**4/12 + 3*d. Let l(b) be the third derivative of i(b). Is l(1) a prime number?
True
Let c(i) = i - 3. Let f be c(5). Let o(u) = u**3 - 4*u**2 + 4*u - 3. Let b be o(f). Let n(w) = 9*w**2 + 6*w + 2. Is n(b) a composite number?
True
Suppose -2*y - p + 2*p + 2644 = 0, 5*y + 3*p - 6632 = 0. Let o = -771 + y. Is o prime?
False
Let u(l) = 6*l**2 - l - 9. Let i(j) = -j - 14. Let p be i(-20). Suppose 7*s - 6*s = -p. Is u(s) prime?
False
Let c(j) = -j**3 - j**2 + 4*j - 6. Let i be c(3). Is 12/i + (-637)/(-5) a composite number?
False
Suppose -3*j - 14 = x, 0 = -x - 3*x + 16. Let i(r) = -1. Let c(v) = -24*v + 4. Let b(g) = c(g) + 5*i(g). Is b(j) a prime number?
False
Let h(g) = -5*g + 3. Let m(l) = 4*l - 4. Let q(v) = 3*h(v) + 4*m(v). Let j be q(10). Suppose 2814 = j*k + 3*k. Is k a composite number?
True
Suppose 0 = -4*v + 2*v - 2*y - 10, 3*y - 6 = 4*v. Is 0*4/4 + v + 520 prime?
False
Let t(d) be the second derivative of d**6/360 - 5*d**4/24 - d**3/3 - 3*d. Let s(g) be the second derivative of t(g). Is s(6) composite?
False
Let r(o) = o**3 - o**2 - 6*o + 10. Let s be r(5). Suppose -180 = -6*h + 2*h. Let v = s - h. Is v a prime number?
False
Let s be (-24)/(-9) - 4/(-6)*-1. Suppose -b - s*u = -315, 5*b + 3*u - 198 = 1391. Is b a prime number?
False
Suppose 0 = -6*d + 11*d - 48120. Suppose 5*z - 2861 = d. Is z prime?
False
Is (-1 + 49810)*5/60*4 a composite number?
False
Let l(h) = 2*h**2 - 32*h - 6. Let t(a) = a**2 - a + 1. Let o(k) = -l(k) + 5*t(k). Is o(-11) prime?
False
Let y(f) = -f**3 + 17*f**2 - 2*f - 3. Let j(r) = -r + 16. Let l be j(12). Suppose 0 = 2*t + 3*i - 31, -4*t - l*i + 7*i = -53. Is y(t) composite?
False
Let f(g) = 15*g**3 - g**2 + 2*g - 1. Let z be f(1). Suppose 0 = 16*y - z*y - 205. Is y prime?
False
Let j(u) = 3*u - 1. Let l be j(1). Suppose -3*s + l = -13. Suppose -s*r = 3*x - 1170, 740 = 4*x + 5*r - 825. Is x a prime number?
False
Is ((-15278)/(-4))/(104/208) composite?
False
Suppose -2*c - 4*d = -5*c + 20209, -3*c = 3*d - 20181. Is c prime?
False
Suppose 5*y + 27 = z, -z + 60 = 3*z - 4*y. Suppose 0 = -n - z + 10. Is 34 + (-1)/n*-2 composite?
True
Suppose -6 = -p - 9. Let n(h) = -26*h**3 - h**2 + 4*h + 6. Is n(p) prime?
False
Suppose 53*t - 430700 - 23139 = 0. Is t prime?
True
Let q(r) = 566*r**3 - 7*r**2 + 46*r - 22. Is q(5) a composite number?
False
Let g(v) = v**2 + 1. Let o(b) = -b**3 + 3*b**2 + 5*b - 9. Let x(j) = -3*g(j) - o(j). Let q be x(6). Is (q - -2)/(1*-2) a composite number?
False
Suppose -2*x = -7*x + 17585. Let n = -698 + x. Is n prime?
True
Let f = 204 + -94. Suppose 545 = 5*v - f. Is v a prime number?
True
Let b(m) = 6*m + 9*m**2 - 12 - 4*m**2 + 11 + 4*m**2. Is b(7) prime?
False
Is (-46)/(-115) + 7359/15 a composite number?
False
Let j be 877/3 - (-10)/15. Suppose 2*i = -l + j, 0 = 2*i - 4*l - l - 275. Is i a prime number?
False
Let q(z) = 91*z - 183. Is q(20) composite?
False
Let o = 1201 - 468. Is o composite?
False
Suppose 0 = 15*i - 30966 - 17079. Is i prime?
True
Let d(l) = -l**3 + 10*l**2 - 9*l + 1. Let a be d(9). Suppose a + 2 = -5*j - 3*p, j = 2*p + 2. Suppose j = c + 153 - 644. Is c composite?
False
Let x = 1390 - 239. Is x prime?
True
Let i = -18 - -46. Let v(j) = -29*j - i*j + 3 - 81*j + 2. Is v(-4) composite?
False
Is (-396928)/(-64) - 5/(2/2) composite?
False
Let a be 4/36*51*3. Suppose 12 = 4*d + 4*z, -d = -5*d + 3*z - 2. Suppose -2*o + d = -a. Is o composite?
True
Let l(m) = 107*m - 5. Let r be l(-11). Let i = r + 3235. Is i composite?
False
Let i = 51645 - 5022. Is i prime?
False
Is (-51 + 52)*(308 - 1) a prime number?
True
Suppose 63 + 17 = 5*s. Suppose -v = 2*t + 4*v, 4*v = -s. Let i = t - -75. Is i prime?
False
Suppose y + 27 = -2*y. Let z = y + 12. Suppose 4*q - z*q = 47. Is q composite?
False
Let l = 30990 - 5199. Is l prime?
False
Suppose 12*v - 7181 = -1433. Is v prime?
True
Let m(r) = 3288*r + 23. Is m(2) composite?
False
Let n be (-11)/3 + (-5 - 17/(-3)). Let f = n - -56. Is f composite?
False
Let p = -38 + 46. Let s(b) = 93*b - 1. Is s(p) a composite number?
False
Let n(b) = b**3 + b**2 + b + 4. Let i be n(-2). Is i + 4 + (2600 - -3) prime?
False
Let a(g) be the second derivative of 4*g**4 + 2*g**3/3 - 3*g**2/2 + 14*g. Is a(1) a composite number?
True
Suppose -2*c - 188 = 3*x 